{"id":386,"date":"2020-12-17T10:26:04","date_gmt":"2020-12-17T09:26:04","guid":{"rendered":"https:\/\/www.familylaw.es\/politica-de-privacidad\/"},"modified":"2022-04-26T05:45:43","modified_gmt":"2022-04-26T04:45:43","slug":"politica-de-privacidad","status":"publish","type":"page","link":"https:\/\/www.familylaw.es\/en\/politica-de-privacidad\/","title":{"rendered":"Pol\u00edtica de privacidad"},"content":{"rendered":"\r\n<h5 class=\"wp-block-heading\">\u00bfQui\u00e9n es responsable del tratamiento de sus datos personales?<\/h5>\r\n<p>\u2022 Identidad: AMBES ADVOCATS SLP<br \/>\u2022 Direcci\u00f3n: Rambla del CEller n\u00ba 15, 1\u00ba 3\u00aa de Sant Cugat del Vall\u00e8s (Barcelona) <br \/>\u2022 CIF N\u00ba: B 65189011<br \/>\u2022 Correo electr\u00f3nico: <a href=\"mailto:juridico@ambes-bcn.com\">juridico@ambes-bcn.com<\/a><br \/>\u2022 Tel\u00e9fono: <a href=\"tel:+34935885373\">+ 34 93.588.53.73<\/a><\/p>\r\n<h5>\u00bfCon qu\u00e9 prop\u00f3sito tratamos sus datos personales?<\/h5>\r\n<p>Tratamos la informaci\u00f3n que nos facilita el cliente y\/o usuario con el fin de proporcionar los servicios contratados y mantener informado a clientes y usuarios de nuestra actividad.<\/p>\r\n<h5>\u00bfCu\u00e1l es la legitimaci\u00f3n para el tratamiento de sus datos?<\/h5>\r\n<p>La base jur\u00eddica para el tratamiento de datos es la ejecuci\u00f3n de la relaci\u00f3n contractual o el habernos facilitado como usuario su consentimiento expreso para el env\u00edo de comunicaciones comerciales.<\/p>\r\n<h5>\u00bfCu\u00e1les son sus derechos cuando usted nos proporciona sus datos personales?<\/h5>\r\n<p>El cliente o usuario podr\u00e1 ejercitar su derecho de acceso a los datos personales, as\u00ed como solicitar la rectificaci\u00f3n de datos inexactos o, en su caso, solicitar su supresi\u00f3n cuando los datos ya no sean necesarios para los prop\u00f3sitos por los que fueron recolectados<\/p>\r\n<p>Tambi\u00e9n podr\u00e1 solicitar la limitaci\u00f3n, portabilidad y oposici\u00f3n al tratamiento de sus datos, en determinadas circunstancias y por motivos relacionados con su situaci\u00f3n particular.<\/p>\r\n<p>Adem\u00e1s, el cliente o usuario tiene el derecho a revocar su consentimiento en cualquier momento sin que eso afecte retroactivamente al tratamiento de datos personales realizados hasta este momento.<\/p>\r\n<p>El cliente o usuario podr\u00e1 ejercitar los derechos mencionados anteriormente, en los t\u00e9rminos y condiciones previstos en la legislaci\u00f3n vigente al domicilio social de AMBES ADVOCATS SLP o solicitarlo por correo electr\u00f3nico a <a href=\"mailto:juridico@ambes-bcn.com\">juridico@ambes-bcn.com<\/a>.<\/p>\r\n<p>En caso de que usted no reciba una respuesta satisfactoria o desee m\u00e1s informaci\u00f3n relativa a cualquiera de estos derechos, puede dirigirse a la Agencia Espa\u00f1ola de protecci\u00f3n de datos (www.agpd.es \u2013C\/Jorge Juan, 6 de Madrid).<\/p>\r\n<h5>\u00bfQu\u00e9 medidas de seguridad se aplican a sus datos?<\/h5>\r\n<p>AMBES ADVOCATS SLP ha implementado las medidas de seguridad t\u00e9cnicas y organizativas necesarias para garantizar la seguridad de sus datos personales y evitar su alteraci\u00f3n, p\u00e9rdida, tratamiento o acceso no autorizado, teniendo en cuenta el estado de la tecnolog\u00eda, la naturaleza de los datos almacenados y los riesgos a los que est\u00e1n expuestos, ya sea de la acci\u00f3n humana o de los medios f\u00edsicos o naturales, todo de acuerdo con las disposiciones de las normas vigentes.<\/p>\r\n<p>Actualizado: Mayo 2018.<\/p>\r\n","protected":false},"excerpt":{"rendered":"<p>\u00bfQui\u00e9n es responsable del tratamiento de sus datos personales? \u2022 Identidad: AMBES ADVOCATS SLP\u2022 Direcci\u00f3n: Rambla del CEller n\u00ba 15, 1\u00ba 3\u00aa de Sant Cugat del Vall\u00e8s (Barcelona) \u2022 CIF N\u00ba: B 65189011\u2022 Correo electr\u00f3nico: juridico@ambes-bcn.com\u2022 Tel\u00e9fono: + 34 93.588.53.73 \u00bfCon qu\u00e9 prop\u00f3sito tratamos sus datos personales? Tratamos la informaci\u00f3n que nos facilita el cliente [&hellip;]<\/p>\n","protected":false},"author":3,"featured_media":0,"parent":0,"menu_order":18,"comment_status":"closed","ping_status":"closed","template":"","meta":{"footnotes":""},"class_list":["post-386","page","type-page","status-publish","hentry"],"acf":[],"yoast_head":"<!-- This site is optimized with the Yoast SEO plugin v20.7 - https:\/\/yoast.com\/wordpress\/plugins\/seo\/ -->\n<title>Pol\u00edtica de privacidad - Family Law<\/title>\n<meta name=\"description\" content=\"Pol\u00edtica de privacidad - Family Law\" \/>\n<meta name=\"robots\" content=\"index, follow, max-snippet:-1, max-image-preview:large, max-video-preview:-1\" \/>\n<link rel=\"canonical\" href=\"https:\/\/www.familylaw.es\/en\/politica-de-privacidad\/\" \/>\n<meta property=\"og:locale\" content=\"en_US\" \/>\n<meta property=\"og:type\" content=\"article\" \/>\n<meta property=\"og:title\" content=\"Pol\u00edtica de privacidad - Family Law\" \/>\n<meta property=\"og:description\" content=\"Pol\u00edtica de privacidad - Family Law\" \/>\n<meta property=\"og:url\" content=\"https:\/\/www.familylaw.es\/en\/politica-de-privacidad\/\" \/>\n<meta property=\"og:site_name\" content=\"Family Law\" \/>\n<meta property=\"article:modified_time\" content=\"2022-04-26T04:45:43+00:00\" \/>\n<meta name=\"twitter:card\" content=\"summary_large_image\" \/>\n<meta name=\"twitter:label1\" content=\"Est. reading time\" \/>\n\t<meta name=\"twitter:data1\" content=\"2 minutes\" \/>\n<script type=\"application\/ld+json\" class=\"yoast-schema-graph\">{\"@context\":\"https:\/\/schema.org\",\"@graph\":[{\"@type\":\"WebPage\",\"@id\":\"https:\/\/www.familylaw.es\/en\/politica-de-privacidad\/\",\"url\":\"https:\/\/www.familylaw.es\/en\/politica-de-privacidad\/\",\"name\":\"Pol\u00edtica de privacidad - Family Law\",\"isPartOf\":{\"@id\":\"https:\/\/www.familylaw.es\/en\/#website\"},\"datePublished\":\"2020-12-17T09:26:04+00:00\",\"dateModified\":\"2022-04-26T04:45:43+00:00\",\"description\":\"Pol\u00edtica de privacidad - Family Law\",\"inLanguage\":\"en-US\",\"potentialAction\":[{\"@type\":\"ReadAction\",\"target\":[\"https:\/\/www.familylaw.es\/en\/politica-de-privacidad\/\"]}]},{\"@type\":\"WebSite\",\"@id\":\"https:\/\/www.familylaw.es\/en\/#website\",\"url\":\"https:\/\/www.familylaw.es\/en\/\",\"name\":\"Family Law\",\"description\":\"\",\"potentialAction\":[{\"@type\":\"SearchAction\",\"target\":{\"@type\":\"EntryPoint\",\"urlTemplate\":\"https:\/\/www.familylaw.es\/en\/?s={search_term_string}\"},\"query-input\":\"required name=search_term_string\"}],\"inLanguage\":\"en-US\"}]}<\/script>\n<!-- \/ Yoast SEO plugin. -->","yoast_head_json":{"title":"Pol\u00edtica de privacidad - Family Law","description":"Pol\u00edtica de privacidad - Family Law","robots":{"index":"index","follow":"follow","max-snippet":"max-snippet:-1","max-image-preview":"max-image-preview:large","max-video-preview":"max-video-preview:-1"},"canonical":"https:\/\/www.familylaw.es\/en\/politica-de-privacidad\/","og_locale":"en_US","og_type":"article","og_title":"Pol\u00edtica de privacidad - Family Law","og_description":"Pol\u00edtica de privacidad - Family Law","og_url":"https:\/\/www.familylaw.es\/en\/politica-de-privacidad\/","og_site_name":"Family Law","article_modified_time":"2022-04-26T04:45:43+00:00","twitter_card":"summary_large_image","twitter_misc":{"Est. reading time":"2 minutes"},"schema":{"@context":"https:\/\/schema.org","@graph":[{"@type":"WebPage","@id":"https:\/\/www.familylaw.es\/en\/politica-de-privacidad\/","url":"https:\/\/www.familylaw.es\/en\/politica-de-privacidad\/","name":"Pol\u00edtica de privacidad - Family Law","isPartOf":{"@id":"https:\/\/www.familylaw.es\/en\/#website"},"datePublished":"2020-12-17T09:26:04+00:00","dateModified":"2022-04-26T04:45:43+00:00","description":"Pol\u00edtica de privacidad - Family Law","inLanguage":"en-US","potentialAction":[{"@type":"ReadAction","target":["https:\/\/www.familylaw.es\/en\/politica-de-privacidad\/"]}]},{"@type":"WebSite","@id":"https:\/\/www.familylaw.es\/en\/#website","url":"https:\/\/www.familylaw.es\/en\/","name":"Family Law","description":"","potentialAction":[{"@type":"SearchAction","target":{"@type":"EntryPoint","urlTemplate":"https:\/\/www.familylaw.es\/en\/?s={search_term_string}"},"query-input":"required name=search_term_string"}],"inLanguage":"en-US"}]}},"_links":{"self":[{"href":"https:\/\/www.familylaw.es\/en\/wp-json\/wp\/v2\/pages\/386","targetHints":{"allow":["GET"]}}],"collection":[{"href":"https:\/\/www.familylaw.es\/en\/wp-json\/wp\/v2\/pages"}],"about":[{"href":"https:\/\/www.familylaw.es\/en\/wp-json\/wp\/v2\/types\/page"}],"author":[{"embeddable":true,"href":"https:\/\/www.familylaw.es\/en\/wp-json\/wp\/v2\/users\/3"}],"replies":[{"embeddable":true,"href":"https:\/\/www.familylaw.es\/en\/wp-json\/wp\/v2\/comments?post=386"}],"version-history":[{"count":1,"href":"https:\/\/www.familylaw.es\/en\/wp-json\/wp\/v2\/pages\/386\/revisions"}],"predecessor-version":[{"id":394,"href":"https:\/\/www.familylaw.es\/en\/wp-json\/wp\/v2\/pages\/386\/revisions\/394"}],"wp:attachment":[{"href":"https:\/\/www.familylaw.es\/en\/wp-json\/wp\/v2\/media?parent=386"}],"curies":[{"name":"wp","href":"https:\/\/api.w.org\/{rel}","templated":true}]}}

Política de privacidad

<h5 class="wp-block-heading">¿Quién es responsable del tratamiento de sus datos personales?</h5>
<p>• Identidad: AMBES ADVOCATS SLP<br />• Dirección: Rambla del CEller nº 15, 1º 3ª de Sant Cugat del Vallès (Barcelona) <br />• CIF Nº: B 65189011<br />• Correo electrónico: <a href="mailto:juridico@ambes-bcn.com">juridico@ambes-bcn.com</a><br />• Teléfono: <a href="tel:+34935885373">+ 34 93.588.53.73</a></p>
<h5>¿Con qué propósito tratamos sus datos personales?</h5>
<p>Tratamos la información que nos facilita el cliente y/o usuario con el fin de proporcionar los servicios contratados y mantener informado a clientes y usuarios de nuestra actividad.</p>
<h5>¿Cuál es la legitimación para el tratamiento de sus datos?</h5>
<p>La base jurídica para el tratamiento de datos es la ejecución de la relación contractual o el habernos facilitado como usuario su consentimiento expreso para el envío de comunicaciones comerciales.</p>
<h5>¿Cuáles son sus derechos cuando usted nos proporciona sus datos personales?</h5>
<p>El cliente o usuario podrá ejercitar su derecho de acceso a los datos personales, así como solicitar la rectificación de datos inexactos o, en su caso, solicitar su supresión cuando los datos ya no sean necesarios para los propósitos por los que fueron recolectados</p>
<p>También podrá solicitar la limitación, portabilidad y oposición al tratamiento de sus datos, en determinadas circunstancias y por motivos relacionados con su situación particular.</p>
<p>Además, el cliente o usuario tiene el derecho a revocar su consentimiento en cualquier momento sin que eso afecte retroactivamente al tratamiento de datos personales realizados hasta este momento.</p>
<p>El cliente o usuario podrá ejercitar los derechos mencionados anteriormente, en los términos y condiciones previstos en la legislación vigente al domicilio social de AMBES ADVOCATS SLP o solicitarlo por correo electrónico a <a href="mailto:juridico@ambes-bcn.com">juridico@ambes-bcn.com</a>.</p>
<p>En caso de que usted no reciba una respuesta satisfactoria o desee más información relativa a cualquiera de estos derechos, puede dirigirse a la Agencia Española de protección de datos (www.agpd.es –C/Jorge Juan, 6 de Madrid).</p>
<h5>¿Qué medidas de seguridad se aplican a sus datos?</h5>
<p>AMBES ADVOCATS SLP ha implementado las medidas de seguridad técnicas y organizativas necesarias para garantizar la seguridad de sus datos personales y evitar su alteración, pérdida, tratamiento o acceso no autorizado, teniendo en cuenta el estado de la tecnología, la naturaleza de los datos almacenados y los riesgos a los que están expuestos, ya sea de la acción humana o de los medios físicos o naturales, todo de acuerdo con las disposiciones de las normas vigentes.</p>
<p>Actualizado: Mayo 2018.</p>

<p>¿Quién es responsable del tratamiento de sus datos personales? • Identidad: AMBES ADVOCATS SLP• Dirección: Rambla del CEller nº 15, 1º 3ª de Sant Cugat del Vallès (Barcelona) • CIF Nº: B 65189011• Correo electrónico: juridico@ambes-bcn.com• Teléfono: + 34 93.588.53.73 ¿Con qué propósito tratamos sus datos personales? Tratamos la información que nos facilita el cliente [&hellip;]</p>

<!-- This site is optimized with the Yoast SEO plugin v20.7 - https://yoast.com/wordpress/plugins/seo/ -->
<title>Política de privacidad - Family Law</title>
<meta name="description" content="Política de privacidad - Family Law" />
<meta name="robots" content="index, follow, max-snippet:-1, max-image-preview:large, max-video-preview:-1" />
<link rel="canonical" href="https://www.familylaw.es/en/politica-de-privacidad/" />
<meta property="og:locale" content="en_US" />
<meta property="og:type" content="article" />
<meta property="og:title" content="Política de privacidad - Family Law" />
<meta property="og:description" content="Política de privacidad - Family Law" />
<meta property="og:url" content="https://www.familylaw.es/en/politica-de-privacidad/" />
<meta property="og:site_name" content="Family Law" />
<meta property="article:modified_time" content="2022-04-26T04:45:43+00:00" />
<meta name="twitter:card" content="summary_large_image" />
<meta name="twitter:label1" content="Est. reading time" />
	<meta name="twitter:data1" content="2 minutes" />
<script type="application/ld+json" class="yoast-schema-graph">{"@context":"https://schema.org","@graph":[{"@type":"WebPage","@id":"https://www.familylaw.es/en/politica-de-privacidad/","url":"https://www.familylaw.es/en/politica-de-privacidad/","name":"Política de privacidad - Family Law","isPartOf":{"@id":"https://www.familylaw.es/en/#website"},"datePublished":"2020-12-17T09:26:04+00:00","dateModified":"2022-04-26T04:45:43+00:00","description":"Política de privacidad - Family Law","inLanguage":"en-US","potentialAction":[{"@type":"ReadAction","target":["https://www.familylaw.es/en/politica-de-privacidad/"]}]},{"@type":"WebSite","@id":"https://www.familylaw.es/en/#website","url":"https://www.familylaw.es/en/","name":"Family Law","description":"","potentialAction":[{"@type":"SearchAction","target":{"@type":"EntryPoint","urlTemplate":"https://www.familylaw.es/en/?s={search_term_string}"},"query-input":"required name=search_term_string"}],"inLanguage":"en-US"}]}</script>
<!-- / Yoast SEO plugin. -->

Política de privacidad - Family Law
